ime factors of p(-57)?
2, 11, 13, 83
Suppose -270*j = 5*m - 275*j - 95395, -3*m + 57205 = j. What are the prime factors of m?
3, 13, 163
Suppose -19 = 3*b - 25. Suppose -w + b*z - 4 = -0*z, 0 = 5*w + 2*z - 28. Suppose -w*c = -4*m - c + 273, m - 68 = c. List the prime factors of m.
3, 23
Suppose -2*i + u = -2, u = -3*i - 2 - 0. Suppose 25*k - 18*k - 2723 = i. What are the prime factors of k?
389
Let h = 196 + -202. List the prime factors of (-8)/4 - -379 - (h - -3).
2, 5, 19
Let v = 137 + 13. Suppose v - 597 = -5*i - 4*n, 3*i + 2*n = 269. List the prime factors of i.
7, 13
Let q(v) = 39*v**2 - 13*v - 1. Let i(u) = -2*u**3 + 13*u**2 + 10*u - 24. Let y be i(7). What are the prime factors of q(y)?
389
Let c = -681 + 691. Suppose -3922 = -3*n + 4*b, -2*n - b + 4323 = 1723. Suppose -c*o = -17*o + n. What are the prime factors of o?
2, 3, 31
Let x(l) = 6*l + 16. Let a be x(-5). What are the prime factors of (2/(-6))/(a/22638)?
7, 11
Let a = 21475 + -11402. What are the prime factors of a?
7, 1439
Suppose -6*d + 73 = 43. Suppose -106 = -d*p + m + 1969, 3*p = -4*m + 1268. Let j = -156 + p. What are the prime factors of j?
2, 5, 13
Let y(x) = 6*x**2 + 36*x + 18. Let d be y(-8). Suppose d*b = 143*b - 39788. What are the prime factors of b?
2, 7
Suppose 0 = -x - 4*f + 23, -3*f + 24 = 3*x - 0. What are the prime factors of (6 - (1726 + -1))*(-1)/x?
3, 191
List the prime factors of (11*-715)/((-78)/24 - -2 - -1).
2, 5, 11, 13
Let v = -43 + 40. Let k(a) = a**3 + 3*a**2 + 2*a + 2. Let m be k(v). List the prime factors of (-2)/4 + (-250)/m.
2, 31
Suppose 28*n + 9316 + 9248 = 0. Let f = n + 1320. What are the prime factors of f?
3, 73
List the prime factors of (186/8)/((-8)/(-896)).
2, 3, 7, 31
Suppose -o = -4*t - 4*o + 9659, -12091 = -5*t + 2*o. Let p = t + -1620. What are the prime factors of p?
797
Let i be (-250)/(-1375) + 422/(-22). Let y(s) = 6*s**2 + 5*s - 104. What are the prime factors of y(i)?
7, 281
Let f(r) = -6*r**2 - 7*r - 64. Let k(c) = 4*c**2 + 9*c + 63. Let l(q) = -3*f(q) - 4*k(q). What are the prime factors of l(-13)?
11, 43
Let m = 3981 - 771. Let a = -1434 + m. List the prime factors of a.
2, 3, 37
Suppose -261*f + 276*f = 227460. List the prime factors of f.
2, 17, 223
Suppose 2*i - 645 = 239. Suppose 2*r + i = -p, -5*p - r = -3*p + 884. Let c = 635 + p. List the prime factors of c.
193
Let v = -9 - -14. Suppose -v*d + 5 = -w - 5, -d - 22 = -5*w. Suppose 0 = -u + w*u - 132. What are the prime factors of u?
3, 11
Let m be (-40)/(-45) + (-4)/(-36). List the prime factors of (m - (-5 - -5)) + 1091 + 1.
1093
Let s(f) = 11*f**3 + 2*f**2 + 3*f - 4. Let a be s(1). List the prime factors of (-2)/(-6) + ((-272)/a)/(-1).
23
Let w(u) = u**3 + 17*u**2 + 16*u + 16. Let a = -46 + 43. Let o be (2/5)/(357/120 + a). What are the prime factors of w(o)?
2
List the prime factors of (6/(-5) - 448/(-140)) + 10393.
3, 5, 7, 11
Let h(u) = -13*u + 15. Suppose 4*x = -5*s - 5, 2*x + 3*x = 4*s - 37. Let y be h(s). What are the prime factors of y/40 - (-676)/10?
67
Let o = 38 - 33. Suppose -s - 14 = -o*h, 0 = -4*s + 2*h + 3*h + 4. Suppose 0 = -7*j + s*j + 127. What are the prime factors of j?
127
Suppose -211*m = -202*m - 2673. Suppose 16623 = m*q - 288*q. List the prime factors of q.
1847
Let l be ((-6)/(-24))/(1/4). Let s = l - -14. List the prime factors of ((-333)/s - 0)/(1/(-5)).
3, 37
Let m be (3 + -4)*32/(-8). Suppose -4*y + 3*j + 12125 = 4651, 4*j + 7472 = m*y. What are the prime factors of (1 + 1 + -1)*y/85?
2, 11
Suppose -23*d - 36 = -35*d. Suppose -d*q + 1369 = -m, 5*q - 2296 = -3*m + 9. What are the prime factors of q?
2, 229
Suppose 0 = 2*h - 3*b + 5, 0 = b - 3*b + 10. Suppose -t = -3*s - 2, -6 = -t + h*s - 3*s. What are the prime factors of (-5 + t/10)/((-4)/10)?
3
Let w(v) = 5*v**2 + 9*v - 5. Let u(o) = -o**2 - 1. Let x(c) = 4*u(c) + w(c). List the prime factors of x(-23).
313
Suppose -8*i + 21724 + 30401 = -58635. List the prime factors of i.
3, 5, 13, 71
Suppose -18*b + 455703 + 875901 = 0. What are the prime factors of b?
2, 47, 787
Let m be -1 + (-1*32/(-4) - 0). Let n(i) = 12*i**2 + 11*i + 5. What are the prime factors of n(m)?
2, 5, 67
Let a be -9 + -5 - 2*-2. Let y(u) = -3*u**2 - 30*u + 8. Let s be y(a). Suppose 0 = s*z - 437 - 163. List the prime factors of z.
3, 5
Suppose -3*f - 20 = 5*k, -5*k - f = -0*f + 20. List the prime factors of 9/12 - 77/k.
2, 5
Let u = -66 + 141. Suppose 11 - u = -n. Let x = n - 42. What are the prime factors of x?
2, 11
Suppose 0 = 3*b + 634 + 356. Let p = 773 + b. List the prime factors of p.
443
Suppose 40 = -x + 2*b, -113 = 5*x + b + 43. What are the prime factors of x*(-42)/(-12)*-4?
2, 7
Let m = -16 - -28. Suppose o + c = m, 0 = -2*o - 4*c + c + 29. What are the prime factors of 4/(-2)*o/(28/(-250))?
5
Let f(c) = 99 + 41 + 71*c - 23*c - 11. What are the prime factors of f(10)?
3, 7, 29
Let p(k) = -601*k - 77. What are the prime factors of p(-5)?
2, 3, 61
What are the prime factors of ((-1236)/(-10))/(-8 - 17719/(-2210))?
2, 17, 103
Let c = -1561 - -6124. List the prime factors of c.
3, 13
Suppose 5*n - j = 240347, 254257 - 13906 = 5*n - 3*j. List the prime factors of n.
3, 7, 109
Let w be ((-18)/15)/(3 - (-47)/(-15)). Suppose 7 = 4*q - w. What are the prime factors of (1*q/(-16))/(1/(-188))?
47
Let q = -8338 + 15147. What are the prime factors of q?
11, 619
Let w(x) = -3173*x**3 + x**2 - 8*x - 23. What are the prime factors of w(-2)?
17, 1493
Let u be 5/(-15) - 418/6. Let n be (-2 + u/(-25))*(-30)/(-4). Let c(f) = 2*f**2 + 7*f + 1. List the prime factors of c(n).
5, 23
Let n be (0 + -2 + 10)*2. Suppose -p - 7*p = n. What are the prime factors of 140 + p + 3 - -4*1?
5, 29
Let c(m) = 3*m + 31. Let q be c(-8). Let u(p) = p**3 + p**2 + 11*p - 22. What are the prime factors of u(q)?
3, 149
Let d(o) = 432*o. Let w = 811 + -808. What are the prime factors of d(w)?
2, 3
Let n = 71 - 36. Let o = -33 + n. What are the prime factors of 14*3/6 + 0/o?
7
Suppose 0 = 13*m + 184578 - 463571. List the prime factors of m.
11, 1951
Suppose 5*x + 8*x - 1100 = 967. What are the prime factors of x?
3, 53
Let k = 1207 + -659. Let b = k - 423. What are the prime factors of b?
5
Let q = 18428 + -2708. What are the prime factors of q?
2, 3, 5, 131
Let k(i) = -6*i - 38. Let j be 30/12 - 3 - (-22)/(-4). Let n be k(j). What are the prime factors of 675/18*(n - 0)/(-1)?
3, 5
What are the prime factors of (-23)/((-437)/209) + 28260?
17, 1663
Let n(s) = s + 27. Let w be n(-19). What are the prime factors of w/2*(-206)/(-4 - -3)?
2, 103
Suppose -274*p + 271*p = -153. Let q = p - -147. What are the prime factors of q?
2, 3, 11
Let q(y) = -y**3 - 3*y**2 - 6*y - 2. Let u be q(-2). Suppose 5*s = -2*x + 2316, 4*s - u*s + 938 = -5*x. What are the prime factors of s?
2, 29
Suppose -l + 4*l - 1140 = 0. Suppose 4*k - l - 4476 = 0. What are the prime factors of k?
2, 607
Let j(c) = 152*c - 314. Let v be j(3). Suppose -2*f = -3*a - 290, -5*a - 4*f = 305 + 171. Let s = a + v. What are the prime factors of s?
2, 23
Suppose -113 = -5*s + 2*h, 8*s - 3*h - 96 = 4*s. Let x(w) = -833*w**2 - 12 - 28*w + 835*w**2 - 33. What are the prime factors of x(s)?
3, 83
Let n = 2077 + -706. Suppose n = 5*s + 341. List the prime factors of s.
2, 103
Suppose -4*l + 7*v + 4933 = 6*v, 0 = 3*l - 4*v - 3690. List the prime factors of l.
2, 617
Let g(l) = 74*l - 28. Let f be g(-9). What are the prime factors of 3 - f*(-2)/(-4)?
2, 5, 7
Let r = 12948 + -200. List the prime factors of r.
2, 3187
Let s(f) be the third derivative of -3*f**5/40 - 29*f**4/24 + f**3/6 - f**2. Let i(x) be the first derivative of s(x). What are the prime factors of i(-8)?
43
Suppose -4*x + 7*x = -2*d + 4, 3*d + 12 = 0. What are the prime factors of (-6)/x*(3 - 578/2)?
3, 11, 13
Let i be ((-60)/18)/((-2)/3). Suppose 5*x - 28 = i*l + 12, 0 = l - 3*x + 2. Let w = 49 - l. What are the prime factors of w?
2, 3, 5
List the prime factors of (-182)/52 - (-11025)/14.
2, 7
Suppose 2398 = 8*r + 782. Suppose -210*x + 5960 = -r*x. What are the prime factors of x?
5, 149
Suppose 3892 = 7*y - 2016. Suppose 2*r + 3*m - y = 1221, 2*r = -2*m + 2062. List the prime factors of r.
2, 257
List the prime factors of (6*1/(-2))/(((-1035)/(-153930))/(-23)).
2, 7, 733
Suppose 3528 + 36813 = -17*w. Let n = w + 3342. What are the p